 (-3)/(g + 3) + 2. Let c be z(h). Let m(n) = 2*n**2 - 4*n - 1. Calculate m(c).
5
Let b be (3/(-6))/(246/60 - 4). Let g(i) = -3*i**2 - 12*i - 9. Give g(b).
-24
Let s(t) = -8*t - 382. Suppose -5*z + 5*q + 222 = 432, 6*q + 254 = -5*z. Determine s(z).
-14
Let m(t) = 6 + t**3 - 3*t**2 - 2*t**2 + 12*t + 8 - 7*t**2. Let s(f) = 2*f**3 - 24*f**2 - 27*f + 24. Let n be s(13). Determine m(n).
25
Let t(d) be the third derivative of -d**6/120 - 3*d**5/20 + 11*d**4/24 + 1297*d**2. Let h(l) = -l**3 + 14*l**2 - 2*l + 18. Let i be h(14). Give t(i).
-10
Suppose -2*v - 1 = -1. Let u(z) = -88*z + 8. Let f(p) = 147*p - 17. Let n(i) = -3*f(i) - 5*u(i). Calculate n(v).
11
Let b(z) = -z + 51. Suppose -y - 33 = -t, -3*t + 105 = 23*y - 25*y. Calculate b(t).
12
Let a(s) = s**2 - 11. Suppose -2*w - 8*w + 40 = 0. Suppose -n - 6*q + 8 = -2*q, w*q = -3*n + 8. What is a(n)?
-11
Suppose -3*k = 7 - 4. Let a(v) = v**3 + v. Let o(h) = 14*h**3 + h**2 + 3*h - 1. Let u(m) = k*o(m) + 4*a(m). Let c be 1/2*(-4 + 2). Calculate u(c).
9
Let g be 2/(-10) - 148/10. Let w(r) = -2*r**2 - 13177*r**3 - r**2 + 18*r**2 + 4 + 13178*r**3. Determine w(g).
4
Let l(w) be the first derivative of -w**6/360 - 7*w**5/120 + w**4/12 + 5*w**3/3 + 8*w**2 + 128. Let o(u) be the third derivative of l(u). Calculate o(-5).
12
Let y(n) = -n**2 + 29*n + 27. Let z be y(30). Let q(u) = u**2 + 1. Let i(v) = v**3 + 2*v**2 + 2*v - 9. Let o(p) = z*q(p) - i(p). Determine o(-4).
-2
Suppose -2*l + 2*m - 889 = -899, 2*l + 14 = -2*m. Let r(u) = 4*u + 22*u - 5*u + 2*u. Calculate r(l).
-23
Let u(r) = 7*r**2 + 4*r + 3. Let j(p) = -p**2 - 3*p - 3. Let i(n) = 9*j(n) + u(n). What is i(-10)?
6
Let r(z) = -z**3 - 4*z**2 + 2*z - 2. Let u(w) = -3*w + 146. Suppose -t + 50 = -0. Let c be u(t). Calculate r(c).
-10
Let v(n) = n**3 + 16*n**2 - 54*n - 636. Let o be v(-17). Let c(h) = -4*h**2 - 6*h + 20. What is c(o)?
-134
Suppose 0 = 4*f - 4*u + 3*u + 6, -4*f = 2*u. Let v be 34/17 + f + 80. Let c = v + -77. Let a(o) = o**2 - 6*o + 4. Give a(c).
-4
Suppose 2*i = -5*g + 11, 0*i - 14 = -4*i - 2*g. Suppose -4 = a - i*a. Suppose -b = -5*s - 5, 7*b - 4*s = a*b - 17. Let n(w) = -w**3 - 5*w**2 - w - 5. Give n(b).
0
Let q(l) = -4*l + 2. Let v(h) = -2*h**2 + 13*h + 63. Let a(g) = -2*q(g) - v(g). Let n(x) be the first derivative of a(x). Calculate n(5).
15
Let q = 1 - 0. Let b be (q + 1)/(2/(-5)). Let w(s) be the second derivative of s**3/3 - 3*s**2/2 - 2*s + 5870. Calculate w(b).
-13
Suppose -16*h = -19*h + 30. Let l be (-3 - 10/(-1))*(h + -11). Let a(j) = 2*j - 1 + 3 - 10*j - j**2. Give a(l).
9
Let r(y) = 2*y**2 - 48*y + 8. Let f(d) = d**2 - 50*d + 8. Let q(z) = 3*f(z) - 4*r(z). Let b be q(8). Let j(h) = h - 5. Give j(b).
3
Let v(z) = -6 + 5 - 42*z - 3 + 297*z**2 - 299*z**2. What is v(-21)?
-4
Let k(g) be the third derivative of -g**5/30 + 43*g**4/12 + 95*g**3/6 - 200*g**2 + 7*g. Determine k(44).
7
Let u(h) = -37*h - 2. Let m be (1/3)/(2 + (-35)/15). Determine u(m).
35
Let n(h) = 2*h**2 + 9*h - 55. Suppose 110*f + 216 = 79*f - 32. Determine n(f).
1
Let n be -2 + (-135)/(-21) + 36/(-84) + -77. Let d(l) = -3*l**2 - 219*l - 5. Calculate d(n).
-5
Let u(j) = 19*j + 216. Let o(g) = -119*g - 1295. Let f(z) = -2*o(z) - 13*u(z). What is f(-22)?
-20
Let h(d) = 23*d - 11. Suppose 52*i - 902 = -850. Determine h(i).
12
Let a(c) = -8*c - 21. Let m be a(-6). Suppose 3*p - 15 = h, 0*h + m = -2*h + 5*p. Let t(s) = -s**2 - 8*s - 3. Give t(h).
9
Let w = -33 + 43. Suppose w = -4*l + 2. Let t(y) = -2*y + 4 + 5*y**2 - 7*y**2 + y**3 - 1 - 1. Determine t(l).
-10
Let n(m) = 12*m + 6. Let d(c) = 6*c + 3. Let k(s) = 5*d(s) - 2*n(s). Let j be k(-8). Let b = j - -51. Let q(x) = -2*x. Calculate q(b).
-12
Let i(j) = 10*j + 99 - 4*j + 15*j + 2*j. Determine i(-4).
7
Suppose -2*o = -r + 33, 13 = -o + 11*r - 14*r. Let u(j) = j**3 + 16*j**2 + 17. Determine u(o).
17
Let v(x) = -x**3 + 9*x + 50. Let o be v(0). Let u be ((-4)/10)/((-5)/o). Let n(g) = -2*g + 4. Give n(u).
-4
Let q(o) = -2*o. Let s(t) = -17. Let p(b) = 2*q(b) + s(b). Determine p(-13).
35
Let r(g) = 11*g. Let b(m) = -58*m - 9. Let a(f) = -b(f) - 5*r(f). Suppose 0 = -5*t - 5, 3*t = -h + 4*t - 3. Calculate a(h).
-3
Let g(w) = 7*w**2 - 2*w + 3. Let c = -9 + 3. Let t(x) = 13*x**2 - 5*x + 7. Let y(q) = c*t(q) + 11*g(q). Let v be (-2)/12 + (-111)/(-18). Determine y(v).
3
Let n(s) be the third derivative of s**5/60 - 9*s**4/8 + 49*s**3/3 + 4009*s**2. Determine n(22).
-12
Suppose -2*n = 21 - 5. Let a(j) = 5*j + 40. Let v be a(n). Suppose 4 = -q - v. Let m(b) = -b**3 - 5*b**2 - 3*b + 1. Give m(q).
-3
Let m(g) = g**3 - 11*g**2 + 11*g + 3. Let c(z) = 4*z + 58. Let p be c(-13). Let q(v) = -v**2 + 53*v - 272. Let f be q(p). Determine m(f).
13
Let m(k) = -2*k - 3*k**3 + 37 - k**2 + 18*k - 40 - 6*k**3. Let l(w) = 7*w**3 + 2*w**2 - 14*w + 3. Let p(a) = -4*l(a) - 3*m(a). Calculate p(-6).
-15
Suppose -4*t = 5*o - 58, -3*o + 0*t = 2*t - 34. Let c = -10 + o. Let m(b) = -4*b - 33 + 5*b + 5 + 15. Calculate m(c).
-13
Let q = 10 + -8. Let h(z) be the first derivative of z**2 + 2*z - 10*z - z + 0*z**q + 2. Calculate h(6).
3
Let m(i) = i**2 + 3. Suppose 105 = 20*f - 295. Suppose -5*u + 15 = 5*h, 4*h + 23 - f = u. What is m(h)?
3
Suppose -3*j = -4*u + 31, 3*j + 0*j = -3*u - 3. Let n(m) = -1. Let g(d) = -d + 2. Suppose 3*v - 7*i = -10*i - 15, -4 = i. Let z(t) = v*g(t) + 5*n(t). Give z(u).
-3
Let c(f) be the first derivative of -f**4/4 + 3*f**3 + 5*f**2/2 - 41*f + 11663. Give c(9).
4
Let f(w) = -w**3 + 6*w**2 + 13*w + 23. Let b(h) = -2*h**3 + 17*h**2 + 27*h + 46. Let n(p) = 3*b(p) - 7*f(p). Give n(-10).
-23
Let x be 4/(-6) - (-11)/(-33). Let o(u) = 2*u + 1. Let f(y) = y + 5. Let p(n) = x*f(n) + o(n). Determine p(-6).
-10
Let j(v) be the second derivative of -7*v**3/6 - 10*v**2 + 1354*v. Give j(-8).
36
Let l be (-32 + -3 - -39)*23/2. Let y(q) be the third derivative of -l*q**2 + 1/6*q**3 + 0*q + 0 + 1/6*q**4. What is y(-1)?
-3
Let n(t) = -8*t**3 + 20*t**2 - 23*t - 26. Let l(g) = -22*g**3 + 60*g**2 - 69*g - 77. Let q(p) = -5*l(p) + 14*n(p). Calculate q(-11).
10
Let g(c) = -3*c**3 - c**2 - 1. Let q(o) be the first derivative of 4*o**4 + 14*o**3/3 + 7*o**2/2 - 4*o + 53. Let p(l) = 5*g(l) + q(l). Give p(-8).
-1
Let t(s) = -s**2 - 20*s - 79. Suppose -434*a = -437*a - i - 46, -a + 5*i - 10 = 0. What is t(a)?
-4
Let x(s) = -s - 13. Let t(z) = -2*z**2 - 32*z - 7. Let w = 56 - 55. Suppose -2*r = -3*q + 44, w = -r - 3*q - 3. Let h be t(r). What is x(h)?
-6
Let x(d) be the third derivative of 0 + 1/12*d**4 + 71*d**2 + 1/6*d**3 + 0*d. Determine x(-5).
-9
Let d(x) = -x**2 + 6*x - 9. Let s = -22 - -462. Let z = 446 - s. Give d(z).
-9
Let t(z) be the second derivative of -5/6*z**3 - 147*z + 0 + z**2 - 1/3*z**4. Determine t(3).
-49
Let s(w) = -12*w - 11. Let p = -25122 - -25117. What is s(p)?
49
Let g(r) = -40*r + 3*r - 1147 - 1301 + 2200 + r. Give g(-7).
4
Suppose 5 - 4 = -l. Let n(d) = -15*d + 3. Let p be n(l). Let g(s) = 8*s**2 - 8*s + 9. Let f(z) = -z**2 + z - 1. Let b(o) = p*f(o) + 2*g(o). What is b(3)?
-12
Let r(l) = 2*l - 10. Let a = -2615 + 2622. Determine r(a).
4
Let u(k) = 3*k**3 - 67*k**2 + 21*k + 14. Suppose -193*b + 379*b = 190*b - 88. What is u(b)?
-8
Let g(w) be the first derivative of -8 - 1/2*w**2 - 6*w. Suppose 2*r - 16 = 6*r. Determine g(r).
-2
Let f(k) be the third derivative of -71*k**5/60 - k**3/6 + 9*k**2 + 368*k. What is f(1)?
-72
Let j(p) be the first derivative of p**2/2 + 10*p + 10750. Calculate j(15).
25
Let k(l) = l**3 - 14*l**2 + 23*l - 4. Let g = -24280 - -24292. Calculate k(g).
-16
Let g = -192 - -194. Let o(l) = 0 - 63*l**2 + 1 - 68*l**2 + 124*l**g. What is o(1)?
-6
Let y(m) = 3*m + 68. Let t be y(-23). Let w be t - -5 - 1 - (-8)/(-1). Let q(o) = o. Give q(w).
-5
Suppose 11*u = 10*u + 28. Let g = 28 - u. Let j(p) = p + 5. Calculate j(g).
5
Let d(t) = -28*t + 111. Let i be d(4). Let l(n) = -7*n + 1. Let z(b) = 38*b**3 - b**2 + 34*b - 6. Let j(u) = i*z(u) - 5*l(u). Determine j(-1).
39
Let b(k) = -7*k**2 + 3*k - 71. Let n(w) = 3*w**2 - 2*w + 36. Let h(r) = 4*b(r) + 9*n(r). Let d(p) be the first derivative of h(p). Calculate d(-4).
2
Let f(g) be the second derivative of 17*g**3/6 + 60*g**2 + 2*g - 301. Calculate f(-6).
18
Suppose -3*x - m + 11 = 1, 5*x - 30 = m. Let p(j) = 2 - 2 + j + x - j**3 - 2*j + 8*j**2. What is p(8)?
-3
Let w(u) b